{"id":104,"date":"2021-09-07T22:22:15","date_gmt":"2021-09-07T19:22:15","guid":{"rendered":"https:\/\/aarrekammio.com\/?page_id=104"},"modified":"2021-09-22T21:07:57","modified_gmt":"2021-09-22T18:07:57","slug":"paljun-varauskalenteri","status":"publish","type":"page","link":"https:\/\/aarrekammio.com\/?page_id=104","title":{"rendered":"PALJUN VARAUSKALENTERI"},"content":{"rendered":"\n<iframe loading=\"lazy\" src=\"https:\/\/calendar.google.com\/calendar\/embed?src=aarrekammiooy%40gmail.com&amp;ctz=Europe%2FHelsinki\" style=\"border: 0\" width=\"800\" height=\"600\" frameborder=\"0\" scrolling=\"no\"><\/iframe>\n\n\n\n<p class=\"has-text-align-center\">.<br>.<br>Yll\u00e4 n\u00e4et ajantasaisen varaustilanteen. <br>Varaus merkit\u00e4\u00e4n kalenteriin kun se on vahvistettu maksamalla varausmaksu.<br>.<br>Varaa palju soittamalla tai laita viesti\u00e4 040-5421871<\/p>\n","protected":false},"excerpt":{"rendered":"<p>..Yll\u00e4 n\u00e4et ajantasaisen varaustilanteen. Varaus merkit\u00e4\u00e4n kalenteriin kun se on vahvistettu maksamalla varausmaksu..Varaa palju soittamalla tai laita viesti\u00e4 040-5421871<\/p>\n","protected":false},"author":1,"featured_media":0,"parent":0,"menu_order":4,"comment_status":"closed","ping_status":"closed","template":"","meta":{"footnotes":""},"class_list":["post-104","page","type-page","status-publish","hentry"],"yoast_head":"<!-- This site is optimized with the Yoast SEO plugin v25.8 - https:\/\/yoast.com\/wordpress\/plugins\/seo\/ -->\n<title>PALJUN VARAUSKALENTERI - AARREKAMMIO OY<\/title>\n<meta name=\"robots\" content=\"index, follow, max-snippet:-1, max-image-preview:large, max-video-preview:-1\" \/>\n<link rel=\"canonical\" href=\"https:\/\/aarrekammio.com\/?page_id=104\" \/>\n<meta property=\"og:locale\" content=\"en_US\" \/>\n<meta property=\"og:type\" content=\"article\" \/>\n<meta property=\"og:title\" content=\"PALJUN VARAUSKALENTERI - AARREKAMMIO OY\" \/>\n<meta property=\"og:description\" content=\"..Yll\u00e4 n\u00e4et ajantasaisen varaustilanteen. Varaus merkit\u00e4\u00e4n kalenteriin kun se on vahvistettu maksamalla varausmaksu..Varaa palju soittamalla tai laita viesti\u00e4 040-5421871\" \/>\n<meta property=\"og:url\" content=\"https:\/\/aarrekammio.com\/?page_id=104\" \/>\n<meta property=\"og:site_name\" content=\"AARREKAMMIO OY\" \/>\n<meta property=\"article:modified_time\" content=\"2021-09-22T18:07:57+00:00\" \/>\n<meta name=\"twitter:card\" content=\"summary_large_image\" \/>\n<meta name=\"twitter:label1\" content=\"Est. reading time\" \/>\n\t<meta name=\"twitter:data1\" content=\"1 minute\" \/>\n<script type=\"application\/ld+json\" class=\"yoast-schema-graph\">{\"@context\":\"https:\/\/schema.org\",\"@graph\":[{\"@type\":\"WebPage\",\"@id\":\"https:\/\/aarrekammio.com\/?page_id=104\",\"url\":\"https:\/\/aarrekammio.com\/?page_id=104\",\"name\":\"PALJUN VARAUSKALENTERI - AARREKAMMIO OY\",\"isPartOf\":{\"@id\":\"https:\/\/aarrekammio.com\/#website\"},\"datePublished\":\"2021-09-07T19:22:15+00:00\",\"dateModified\":\"2021-09-22T18:07:57+00:00\",\"breadcrumb\":{\"@id\":\"https:\/\/aarrekammio.com\/?page_id=104#breadcrumb\"},\"inLanguage\":\"en-US\",\"potentialAction\":[{\"@type\":\"ReadAction\",\"target\":[\"https:\/\/aarrekammio.com\/?page_id=104\"]}]},{\"@type\":\"BreadcrumbList\",\"@id\":\"https:\/\/aarrekammio.com\/?page_id=104#breadcrumb\",\"itemListElement\":[{\"@type\":\"ListItem\",\"position\":1,\"name\":\"Etusivu\",\"item\":\"https:\/\/aarrekammio.com\/\"},{\"@type\":\"ListItem\",\"position\":2,\"name\":\"PALJUN VARAUSKALENTERI\"}]},{\"@type\":\"WebSite\",\"@id\":\"https:\/\/aarrekammio.com\/#website\",\"url\":\"https:\/\/aarrekammio.com\/\",\"name\":\"AARREKAMMIO OY\",\"description\":\"\",\"potentialAction\":[{\"@type\":\"SearchAction\",\"target\":{\"@type\":\"EntryPoint\",\"urlTemplate\":\"https:\/\/aarrekammio.com\/?s={search_term_string}\"},\"query-input\":{\"@type\":\"PropertyValueSpecification\",\"valueRequired\":true,\"valueName\":\"search_term_string\"}}],\"inLanguage\":\"en-US\"}]}<\/script>\n<!-- \/ Yoast SEO plugin. -->","yoast_head_json":{"title":"PALJUN VARAUSKALENTERI - AARREKAMMIO OY","robots":{"index":"index","follow":"follow","max-snippet":"max-snippet:-1","max-image-preview":"max-image-preview:large","max-video-preview":"max-video-preview:-1"},"canonical":"https:\/\/aarrekammio.com\/?page_id=104","og_locale":"en_US","og_type":"article","og_title":"PALJUN VARAUSKALENTERI - AARREKAMMIO OY","og_description":"..Yll\u00e4 n\u00e4et ajantasaisen varaustilanteen. Varaus merkit\u00e4\u00e4n kalenteriin kun se on vahvistettu maksamalla varausmaksu..Varaa palju soittamalla tai laita viesti\u00e4 040-5421871","og_url":"https:\/\/aarrekammio.com\/?page_id=104","og_site_name":"AARREKAMMIO OY","article_modified_time":"2021-09-22T18:07:57+00:00","twitter_card":"summary_large_image","twitter_misc":{"Est. reading time":"1 minute"},"schema":{"@context":"https:\/\/schema.org","@graph":[{"@type":"WebPage","@id":"https:\/\/aarrekammio.com\/?page_id=104","url":"https:\/\/aarrekammio.com\/?page_id=104","name":"PALJUN VARAUSKALENTERI - AARREKAMMIO OY","isPartOf":{"@id":"https:\/\/aarrekammio.com\/#website"},"datePublished":"2021-09-07T19:22:15+00:00","dateModified":"2021-09-22T18:07:57+00:00","breadcrumb":{"@id":"https:\/\/aarrekammio.com\/?page_id=104#breadcrumb"},"inLanguage":"en-US","potentialAction":[{"@type":"ReadAction","target":["https:\/\/aarrekammio.com\/?page_id=104"]}]},{"@type":"BreadcrumbList","@id":"https:\/\/aarrekammio.com\/?page_id=104#breadcrumb","itemListElement":[{"@type":"ListItem","position":1,"name":"Etusivu","item":"https:\/\/aarrekammio.com\/"},{"@type":"ListItem","position":2,"name":"PALJUN VARAUSKALENTERI"}]},{"@type":"WebSite","@id":"https:\/\/aarrekammio.com\/#website","url":"https:\/\/aarrekammio.com\/","name":"AARREKAMMIO OY","description":"","potentialAction":[{"@type":"SearchAction","target":{"@type":"EntryPoint","urlTemplate":"https:\/\/aarrekammio.com\/?s={search_term_string}"},"query-input":{"@type":"PropertyValueSpecification","valueRequired":true,"valueName":"search_term_string"}}],"inLanguage":"en-US"}]}},"_links":{"self":[{"href":"https:\/\/aarrekammio.com\/index.php?rest_route=\/wp\/v2\/pages\/104","targetHints":{"allow":["GET"]}}],"collection":[{"href":"https:\/\/aarrekammio.com\/index.php?rest_route=\/wp\/v2\/pages"}],"about":[{"href":"https:\/\/aarrekammio.com\/index.php?rest_route=\/wp\/v2\/types\/page"}],"author":[{"embeddable":true,"href":"https:\/\/aarrekammio.com\/index.php?rest_route=\/wp\/v2\/users\/1"}],"replies":[{"embeddable":true,"href":"https:\/\/aarrekammio.com\/index.php?rest_route=%2Fwp%2Fv2%2Fcomments&post=104"}],"version-history":[{"count":8,"href":"https:\/\/aarrekammio.com\/index.php?rest_route=\/wp\/v2\/pages\/104\/revisions"}],"predecessor-version":[{"id":205,"href":"https:\/\/aarrekammio.com\/index.php?rest_route=\/wp\/v2\/pages\/104\/revisions\/205"}],"wp:attachment":[{"href":"https:\/\/aarrekammio.com\/index.php?rest_route=%2Fwp%2Fv2%2Fmedia&parent=104"}],"curies":[{"name":"wp","href":"https:\/\/api.w.org\/{rel}","templated":true}]}}